44 and 528?
44
What is the highest common divisor of 5 and 405?
5
Calculate the highest common factor of 87 and 145.
29
Calculate the greatest common factor of 241 and 11809.
241
What is the highest common factor of 550 and 65?
5
Calculate the highest common divisor of 4216 and 272.
136
Calculate the greatest common factor of 77 and 4893.
7
Calculate the highest common divisor of 90 and 315.
45
Calculate the highest common factor of 1250 and 10.
10
Calculate the highest common divisor of 16 and 17648.
16
What is the highest common divisor of 814 and 308?
22
What is the highest common factor of 550 and 2?
2
What is the highest common factor of 177 and 19057?
59
What is the highest common factor of 6246 and 18?
18
What is the highest common divisor of 20 and 620?
20
What is the highest common divisor of 536 and 1675?
67
Calculate the highest common divisor of 108 and 8.
4
Calculate the greatest common divisor of 29 and 1.
1
What is the highest common divisor of 2232 and 1584?
72
What is the greatest common factor of 5 and 350?
5
Calculate the greatest common divisor of 34 and 14314.
34
What is the greatest common divisor of 94 and 94?
94
What is the greatest common factor of 2709 and 43?
43
What is the greatest common factor of 1468 and 2569?
367
What is the greatest common divisor of 119 and 28?
7
What is the greatest common divisor of 21 and 399?
21
What is the highest common factor of 455 and 364?
91
What is the highest common divisor of 102 and 4308?
6
What is the greatest common factor of 60 and 615?
15
What is the greatest common divisor of 2355 and 60?
15
What is the highest common divisor of 85 and 320?
5
Calculate the highest common factor of 25 and 15.
5
What is the greatest common divisor of 27 and 72603?
27
Calculate the highest common factor of 2590 and 140.
70
Calculate the highest common divisor of 288 and 54.
18
What is the greatest common divisor of 3261 and 9?
3
Calculate the greatest common divisor of 22 and 22.
22
What is the highest common factor of 5 and 37?
1
Calculate the greatest common divisor of 2491 and 265.
53
Calculate the highest common factor of 28 and 14.
14
Calculate the greatest common factor of 4 and 5932.
4
Calculate the highest common factor of 768 and 18.
6
What is the greatest common divisor of 17 and 37?
1
What is the greatest common factor of 238 and 153?
17
Calculate the highest common factor of 344 and 1677.
43
What is the highest common factor of 9 and 3039?
3
Calculate the greatest common divisor of 1888 and 118.
118
What is the highest common divisor of 12960 and 288?
288
What is the highest common divisor of 46 and 46?
46
What is the highest common divisor of 35 and 10?
5
What is the greatest common divisor of 209 and 2033?
19
What is the greatest common factor of 3378 and 6?
6
What is the greatest common factor of 928 and 3683?
29
What is the highest common factor of 1197 and 342?
171
What is the greatest common factor of 16 and 216?
8
Calculate the greatest common factor of 96 and 72.
24
What is the greatest common divisor of 12 and 204?
12
What is the highest common divisor of 890 and 80?
10
Calculate the highest common divisor of 15715 and 35.
35
Calculate the highest common factor of 1016 and 16.
8
What is the greatest common factor of 47 and 517?
47
Calculate the highest common divisor of 18953 and 11.
11
What is the highest common divisor of 33 and 3?
3
What is the greatest common divisor of 26 and 754?
26
Calculate the greatest common divisor of 52 and 507.
13
Calculate the greatest common divisor of 2020 and 40.
20
Calculate the highest common divisor of 208 and 1196.
52
What is the highest common divisor of 80 and 4928?
16
Calculate the greatest common divisor of 296 and 37.
37
Calculate the greatest common divisor of 1365 and 28.
7
Calculate the highest common factor of 4 and 17.
1
What is the greatest common factor of 366 and 610?
122
Calculate the highest common factor of 5412 and 726.
66
What is the highest common factor of 846 and 36?
18
Calculate the highest common divisor of 504 and 35.
7
What is the greatest common factor of 210 and 54?
6
Calculate the highest common factor of 126 and 126.
126
What is the greatest common divisor of 74 and 2?
2
Calculate the highest common divisor of 8 and 25.
1
What is the greatest common divisor of 265 and 35?
5
Calculate the highest common divisor of 143 and 39.
13
Calculate the greatest common divisor of 950 and 38.
38
What is the highest common divisor of 649 and 472?
59
Calculate the highest common divisor of 48 and 208.
16
What is the greatest common factor of 216 and 60?
12
What is the greatest common divisor of 297 and 369?
9
Calculate the highest common divisor of 468 and 52.
52
Calculate the highest common factor of 171 and 114.
57
What is the greatest common factor of 51084 and 44?
44
Calculate the greatest common divisor of 32 and 2136.
8
What is the highest common factor of 640 and 896?
128
Calculate the greatest common divisor of 231 and 903.
21
Calculate the highest common divisor of 312 and 52.
52
What is the greatest common factor of 18 and 42?
6
Calculate the greatest common divisor of 104 and 136.
8
What is the highest common divisor of 144 and 16?
16
What is the highest common factor of 50 and 810?
10
What is the highest common divisor of 42 and 210?
42
Calculate the highest common divisor of 35 and 5.
5
What is the highest common divisor of 49 and 1568?
49
What is the highest common factor of 629 and 102?
17
Calculate the highest common factor of 1215 and 15.
15
Calculate the greatest common divisor of 4976 and 24.
8
Calculate the greatest common divisor of 29 and 2001.
29
What is the highest common factor of 228 and 36?
12
What is the greatest common divisor of 49 and 441?
49
What is the greatest common divisor of 57 and 1311?
57
Calculate the highest common factor of 208 and 442.
26
What is the highest common factor of 70 and 3409?
7
What is the highest common factor of 429 and 77?
11
Calculate the highest common factor of 13 and 79729.
13
Calculate the greatest common divisor of 116 and 3886.
58
Calculate the highest common factor of 989 and 46.
23
Calculate the greatest common divisor of 333 and 74.
37
Calculate the highest common factor of 82 and 492.
82
Calculate the highest common factor of 51 and 3043.
17
Calculate the greatest common factor of 600 and 270.
30
Calculate the highest common factor of 82 and 1107.
41
What is the greatest common divisor of 492 and 180?
12
What is the greatest common factor of 1605 and 30?
15
What is the greatest common factor of 35570 and 40?
10
Calculate the greatest common factor of 3599 and 59.
59
Calculate the highest common divisor of 135 and 21.
3
What is the greatest common factor of 65 and 545?
5
What is the highest common factor of 303 and 93?
3
What is the greatest common factor of 123 and 41?
41
What is the greatest common divisor of 11 and 1221?
11
Calculate the highest common factor of 2580 and 946.
86
Calculate the greatest common factor of 576 and 24.
24
What is the highest common divisor of 1050 and 56?
14
What is the highest common divisor of 493 and 17?
17
What is the greatest common divisor of 35 and 3199?
7
Calculate the greatest common divisor of 77 and 55.
11
What is the greatest common divisor of 17 and 833?
17
Calculate the highest common factor of 136 and 10132.
68
What is the highest common factor of 108 and 24?
12
Calculate the highest common factor of 109 and 51775.
109
What is the highest common factor of 248 and 1054?
62
What is the greatest common factor of 202 and 35047?
101
What is the highest common divisor of 405 and 21?
3
What is the greatest common divisor of 59 and 118?
59
What is the highest common factor of 20 and 6180?
20
What is the greatest common factor of 45 and 435?
15
What is the greatest common divisor of 119 and 1581?
17
Calculate the highest common divisor of 1980 and 6160.
220
What is the greatest common divisor of 5978 and 671?
61
What is the greatest common divisor of 855 and 45?
45
What is the greatest common divisor of 4114 and 22?
22
Calculate the greatest common factor of 85 and 119.
17
What is the greatest common factor of 91 and 315?
7
What is the greatest common factor of 117 and 27?
9
Calculate the greatest common divisor of